2
Let h be 18/45 - (-512)/20. Let s = h - -207. What is the remainder when s is divided by 39?
38
Let a(s) = s**3 + 9*s**2 + 16. Suppose 4*j + 5*v - 33 = 0, 4*v = -5*j + 2*j + 26. Suppose -9*l + j*l = -308. What is the remainder when l is divided by a(-9)?
12
Calculate the remainder when 97 is divided by 430*((-294)/70)/(-21).
11
Let y be ((-30)/(-12) + -3)/((-1)/(-4)). What is the remainder when 9 is divided by y*(30/(-4))/5?
0
Let j(m) = -1. Let q(p) = p + 3. Let a(u) = -2*j(u) - q(u). Let t(x) = 4*x - 21. Let c(k) = -3*a(k) - t(k). What is the remainder when c(-21) is divided by 12?
9
Let m(s) = -12*s**2 + 3*s + 22. Let x(d) = -d**2 - 1. Let t(p) = -m(p) - x(p). What is the remainder when t(-3) is divided by 12?
9
Let g(l) = -l**2 - 17*l - 28. Let x = 193 + -208. Calculate the remainder when (3 + -2)/((-1)/(-3)) is divided by g(x).
1
Let i = -2026 - -2348. What is the remainder when i is divided by 65?
62
Let m(k) = 4*k**3 + 38*k**2 + 13*k - 2. What is the remainder when 2921 is divided by m(-9)?
40
Let x = -512 + 2203. Let i = x + -963. What is the remainder when i is divided by 81?
80
Let m(z) = 6 + 10*z + 12*z - 169*z - 36*z. What is the remainder when m(-1) is divided by 64?
61
Suppose -394*r + 2*f - 456 = -396*r, 5*f = r - 234. What is the remainder when r is divided by 50?
29
Suppose 24 = t - 4*w + 7, 3*t = -2*w + 9. Suppose -11*y = 11*y. Suppose y*m + 54 = 3*g - 4*m, -4*g + 72 = -4*m. What is the remainder when g is divided by t?
3
Suppose 131 - 122 = 3*p. Suppose -9*f + p*f + 210 = 0. What is the remainder when 209 is divided by f?
34
Let l = -93 + 186. Calculate the remainder when l + 5/(-15)*-15 is divided by (-9)/(-2)*(-110)/(-15).
32
Let a = 13 - 8. Suppose a*p + 3*p = 256. Calculate the remainder when 52 is divided by p.
20
Suppose -2*m + 2*i + 1993 - 365 = 0, -5*m + 4060 = -3*i. Let s = m + -783. Let y(p) = 15*p**3 - 2*p + 1. What is the remainder when s is divided by y(1)?
12
Calculate the remainder when (5 + 390/(-18))*-156 is divided by 1299.
2
Suppose 2*h + 3*x - 7*x - 990 = 0, 5*x - 1915 = -4*h. Let s = -427 + h. Calculate the remainder when 147 is divided by s.
31
Suppose -3*a - 2*a - 4*w - 6 = 0, 0 = 2*a - 2*w + 6. What is the remainder when 146*(-1)/a*1 is divided by 25?
23
Let p(l) = l**3 - 23*l**2 + 26*l - 76. Let x be p(22). Suppose -22*n = -21*n - x. Calculate the remainder when 176 is divided by n.
8
Let d = 153 + -94. Suppose d - 5 = 9*k. Calculate the remainder when (16/(-6))/(k/(-72)) is divided by 10.
2
Suppose -51*l + 4*c = -48*l - 17436, 17427 = 3*l - c. Calculate the remainder when l is divided by 18.
12
Suppose -40*u + 26*u + 39844 = 0. What is the remainder when u is divided by 57?
53
Suppose 4*o = -5*d + 3*o + 26, -4*o = 16. What is the remainder when ((-2)/(-17) - 0) + 97266/2958 is divided by d?
3
Let v be 1/5 + 2/(-10). Suppose v = -4*q - 12, -t + 3*q - 4*q = -15. Let m(j) = j**3 + 17*j**2 + 14*j - 1. What is the remainder when m(-16) is divided by t?
13
Suppose 11*p + 29*p = 4400. Let f = -95 + p. What is the remainder when 111 is divided by f?
6
Let m(j) = -8*j - 331. Let v be m(-41). Let t(i) = -i**3 + 5*i**2 + 8*i - 6. Calculate the remainder when (-54)/v - ((6 - 3) + -9) is divided by t(6).
0
Suppose -2*h = -5*h + 711. Suppose -13*r = -h - 166. Let o(g) = g**3 + 6*g**2 + 2*g - 7. Calculate the remainder when r is divided by o(-5).
7
Suppose -3*j - 30 = m - 667, 0 = j + 4*m - 194. What is the remainder when 415 is divided by j?
201
Suppose 3*n = 2*r + 3 - 128, -2*r + 119 = -n. Suppose 4*w - 44 = m, -5*m = 2*w - 7*w + 235. Let q = -18 - m. What is the remainder when r is divided by q?
28
Let q = 7173 - 5920. Calculate the remainder when q is divided by 52.
5
Let j(d) = d**3 + 5*d**2 - 5*d - 5. Let a(z) = z**2 + 20*z - 110. Calculate the remainder when a(9) is divided by j(-4).
27
What is the remainder when 642/((-4 - 14) + 20) is divided by 124?
73
Let w = 525 - 263. Let i = w - 177. Suppose -d - 111 = 7*z - 12*z, z - 24 = 2*d. What is the remainder when i is divided by z?
19
Let d = -601 + 615. Let j = 35 + 2. Calculate the remainder when j is divided by d.
9
Suppose 0 = -194*b - 147*b + 13274 - 2703. Calculate the remainder when 28393 is divided by b.
28
Let w(c) = -9*c - 16. Let z be w(-2). Suppose -z*k - 2*g = -32, 0 = -2*k + 3*g + 15 - 3. What is the remainder when 177 is divided by k?
9
Let f be ((-36)/2)/(7/((-112)/24)). What is the remainder when (54/f)/((-1)/(-12)) is divided by 29?
25
Let z(p) = -3*p**2 + 16*p + 66. What is the remainder when 4/18 + 646/9 is divided by z(8)?
0
Let w = 343 - 326. Calculate the remainder when 249 is divided by (-166)/(-18) + w/(306/(-4)).
6
Let v = -2219 - -4572. Suppose -v = -27*m + 293. What is the remainder when m is divided by 4?
2
Suppose -92*t + 5483 + 313 = 0. Calculate the remainder when 194 is divided by t.
5
What is the remainder when 836 is divided by (-10)/(20/(-533)) + (-50)/(-20)?
29
Let w = 847 - 796. What is the remainder when w is divided by 21?
9
Suppose -17*i = -2558 + 450. Let y = i + -114. Calculate the remainder when 28 is divided by y.
8
Suppose n + 3*n - 80 = 0. Let b be (-355)/n - 3/12. Let z = 1 - b. What is the remainder when z is divided by 4?
3
Calculate the remainder when 60 is divided by 5 - (3 + -9) - (-36)/(-6).
0
Let m(n) = -3*n**3 + 45*n**2 - 13*n - 17. What is the remainder when m(14) is divided by 131?
127
Let m be (-111)/(-2) - (-3)/6. Let u be m/16 + (-1)/2. Suppose -9 - u = -o. What is the remainder when o is divided by 4?
0
Calculate the remainder when 1412 is divided by 16 + (-6 - (1 - 20)).
20
Let r(s) = -s + 15. Let f be r(11). Suppose -x + 4 = 0, -g + x = f*g - 246. Calculate the remainder when 349 is divided by g.
49
Calculate the remainder when 9014/10 + (-4)/10 is divided by (-4)/((14/(-6) - 23142/(-3762)) + -4)*1.
21
Let m be -3*(-3)/(-27) + (-22)/6. Let q be 7 + 2 + -1 + m. Calculate the remainder when q/(0 - 1) + 55 + 1 is divided by 11.
8
What is the remainder when -2 - (1 + 11*-1) is divided by (-10)/(-2) - (-228 - -231)?
0
Suppose 5*a + 4 - 19 = 0. Suppose 2*k - a*j - 165 = -k, -2*j = 10. Calculate the remainder when (1040 + 3)*((-10)/70)/(-3 + 2) is divided by k.
49
Calculate the remainder when 1057 is divided by (-53 - 1)*((-22)/2 - (-3103)/321).
49
Let t(c) = c**3 + 7*c**2 - 32*c - 186. What is the remainder when 2884 is divided by t(-7)?
34
Suppose 0 = -0*o + o - 27. Let z = -336275 + 336567. Calculate the remainder when z is divided by o.
22
Let w = 52 - -15. Let m = 96 - w. What is the remainder when 56 is divided by m?
27
Let b = 5535 + -5516. Let g(n) = n**2 + n + 1. Let u(o) = o**2 - 9*o + 10. Let k(w) = -2*g(w) + u(w). What is the remainder when b is divided by k(-11)?
3
Suppose 0 = 43*x - 46*x + 150. What is the remainder when 96 is divided by 1/2 + 225/x?
1
Suppose 74 - 14 = 2*s + 2*n, 4*s = -n + 120. What is the remainder when s is divided by 16?
14
Suppose 0 = -5*m - 0*m + 10. Suppose -m*k = -8*k + 6. Calculate the remainder when 29 is divided by k*2 - (-1)/2*6.
4
Let v = 46953 + -36617. Calculate the remainder when v is divided by 5.
1
Suppose 2247 - 78 + 3756 = 15*q. Calculate the remainder when q is divided by 101.
92
Suppose 20 = 4*h + 3*i, -9 - 6 = -3*h + i. Suppose -4*q - 21 = -29. What is the remainder when h is divided by 7/q + 43/(-86)?
2
Suppose 11770 = -38*p + 43*p + 5*h, 9380 = 4*p - 5*h. Calculate the remainder when p is divided by 40.
30
Let g = 981 + -896. What is the remainder when g is divided by 47?
38
Suppose -186*y + 4765 + 22949 = 0. Calculate the remainder when 291 is divided by y.
142
Suppose -4*i - 5*v + 279 = -579, 5*v = 3*i - 591. What is the remainder when 14695 is divided by i?
205
Let q be -2 + (-140)/(-16) + (-6)/8. Suppose -14*b + q*b = -424. Let l = -10 - -21. Calculate the remainder when b is divided by l.
9
Let u(a) = 4*a**2 + 223 + a**3 - 7*a**3 - 4*a**3 - 225 - 2*a**2. What is the remainder when 10 is divided by u(-1)?
0
What is the remainder when 836 is divided by (-261)/145 - 2456/(-20)?
110
Let i(s) = s**2 - 12*s + 1. Let u be i(9). Let g(a) = -6*a - 1. What is the remainder when g(-3) is divided by ((-13)/u)/(1/18)?
8
Let s = 120 - 77. Suppose s = 2*d + 33. Suppose -d*l + 1148 - 138 = 0. Calculate the remainder when l is divided by 29.
28
Let w b